3
What is the tens digit of 5347?
4
What is the hundreds digit of 22145?
1
What is the tens digit of 1037?
3
What is the tens digit of 2218?
1
What is the hundreds digit of 40397?
3
What is the tens digit of 5014?
1
What is the tens digit of 1037?
3
What is the tens digit of 4001?
0
What is the units digit of 83767?
7
What is the hundreds digit of 1188?
1
What is the hundreds digit of 14888?
8
What is the hundreds digit of 430?
4
What is the thousands digit of 1708?
1
What is the ten thousands digit of 27360?
2
What is the tens digit of 145?
4
What is the units digit of 2229?
9
What is the thousands digit of 7131?
7
What is the thousands digit of 2037?
2
What is the thousands digit of 37507?
7
What is the hundreds digit of 27616?
6
What is the ten thousands digit of 15346?
1
What is the hundreds digit of 440?
4
What is the hundreds digit of 28533?
5
What is the hundreds digit of 13268?
2
What is the hundreds digit of 1125?
1
What is the tens digit of 3331?
3
What is the hundreds digit of 41216?
2
What is the thousands digit of 64038?
4
What is the tens digit of 8646?
4
What is the units digit of 3012?
2
What is the hundreds digit of 1631?
6
What is the hundreds digit of 5875?
8
What is the thousands digit of 3793?
3
What is the thousands digit of 71903?
1
What is the tens digit of 1532?
3
What is the hundreds digit of 3396?
3
What is the units digit of 123738?
8
What is the tens digit of 136?
3
What is the units digit of 2005?
5
What is the tens digit of 2581?
8
What is the hundreds digit of 565?
5
What is the ten thousands digit of 35235?
3
What is the hundreds digit of 874?
8
What is the hundreds digit of 2391?
3
What is the hundreds digit of 9125?
1
What is the tens digit of 1103?
0
What is the units digit of 3547?
7
What is the thousands digit of 173065?
3
What is the hundreds digit of 1182?
1
What is the thousands digit of 3904?
3
What is the ten thousands digit of 27204?
2
What is the tens digit of 1099?
9
What is the units digit of 1236?
6
What is the thousands digit of 9457?
9
What is the hundreds digit of 1313?
3
What is the ten thousands digit of 76657?
7
What is the thousands digit of 2509?
2
What is the tens digit of 33485?
8
What is the tens digit of 748?
4
What is the units digit of 4364?
4
What is the ten thousands digit of 14208?
1
What is the thousands digit of 32363?
2
What is the units digit of 3379?
9
What is the tens digit of 1416?
1
What is the ten thousands digit of 26762?
2
What is the tens digit of 38809?
0
What is the hundreds digit of 20058?
0
What is the tens digit of 1131?
3
What is the tens digit of 561?
6
What is the thousands digit of 59265?
9
What is the thousands digit of 17181?
7
What is the tens digit of 2897?
9
What is the hundreds digit of 1834?
8
What is the hundreds digit of 93975?
9
What is the units digit of 24615?
5
What is the units digit of 5768?
8
What is the tens digit of 9836?
3
What is the thousands digit of 3102?
3
What is the thousands digit of 7327?
7
What is the hundreds digit of 1039?
0
What is the tens digit of 11318?
1
What is the units digit of 89603?
3
What is the thousands digit of 4771?
4
What is the units digit of 1193?
3
What is the tens digit of 5061?
6
What is the thousands digit of 5269?
5
What is the units digit of 16193?
3
What is the thousands digit of 1074?
1
What is the units digit of 26305?
5
What is the tens digit of 54120?
2
What is the thousands digit of 40021?
0
What is the thousands digit of 28818?
8
What is the tens digit of 14280?
8
What is the thousands digit of 12259?
2
What is the tens digit of 46331?
3
What is the thousands digit of 1248?
1
What is the units digit of 177?
7
What is the units digit of 10332?
2
What is the ten thousands digit of 60843?
6
What is the hundreds digit of 74882?
8
What is the thousands digit of 2239?
2
What is the units digit of 2023?
3
What is the hundreds digit of 42437?
4
What is the units digit of 635?
5
What is the hundreds digit of 3955?
9
What is the units digit of 691?
1
What is the hundreds digit of 985?
9
What is the units digit of 605?
5
What is the units digit of 2357?
7
What is the units digit of 4530?
0
What is the tens digit of 2816?
1
What is the units digit of 174654?
4
What is the units digit of 421?
1
What is the hundreds digit of 38240?
2
What is the hundreds digit of 2182?
1
What is the units digit of 394?
4
What is the ten thousands digit of 33304?
3
What is the hundreds digit of 433?
4
What is the units digit of 63?
3
What is the tens digit of 3611?
1
What is the thousands digit of 40044?
0
What is the hundreds digit of 4117?
1
What is the hundreds digit of 17326?
3
What is the thousands digit of 77032?
7
What is the hundreds digit of 2031?
0
What is the ten thousands digit of 11127?
1
What is the thousands digit of 1281?
1
What is the hundreds digit of 10780?
7
What is the ten thousands digit of 10292?
1
What is the hundreds digit of 173?
1
What is the tens digit of 6535?
3
What is the tens digit of 2834?
3
What is the hundreds digit of 3633?
6
What is the tens digit of 976?
7
What is the tens digit of 1112?
1
What is the units digit of 33890?
0
What is the units digit of 1044?
4
What is the units digit of 15701?
1
What is the thousands digit of 1208?
1
What is the thousands digit of 9012?
9
What is the tens digit of 12111?
1
What is the ten thousands digit of 38610?
3
What is the units digit of 1?
1
What is the hundreds digit of 7707?
7
What is the thousands digit of 18537?
8
What is the thousands digit of 19295?
9
What is the units digit of 10520?
0
What is the tens digit of 1574?
7
What is the tens digit of 97997?
9
What is the hundreds digit of 1130?
1
What is the units digit of 38088?
8
What is the tens digit of 750?
5
What is the units digit of 136298?
8
What is the thousands digit of 15937?
5
What is the hundreds digit of 607?
6
What is the units digit of 419?
9
What is the tens digit of 1360?
6
What is the hundreds digit of 41115?
1
What is the tens digit of 31254?
5
What is the hundreds digit of 24041?
0
What is the hundred thousands digit of 163451?
1
What is the hundreds digit of 906?
9
What is the ten thousands digit of 20483?
2
What is the tens digit of 938?
3
What is the units digit of 2552?
2
What is the thousands digit of 2169?
2
What is the hundreds digit of 6736?
7
What is the units digit of 1149?
9
What is the tens digit of 18589?
8
What is the hundreds digit of 10126?
1
What is the hundreds digit of 831?
8
What is the tens digit of 49?
4
What is the units digit of 439?
9
What is the hundreds digit of 3614?
6
What is the units digit of 8471?
1
What is the units digit of 50423?
3
What is the hundreds digit of 23220?
2
What is the units digit of 3093?
3
What is the tens digit of 45808?
0
What is the tens digit of 9906?
0
What is the units digit of 78024?
4
What is the hundreds digit of 22973?
9
What is the tens digit of 37697?
9
What is the units digit of 132?
2
What is the units digit of 3205?
5
What is the hundreds digit of 2892?
8
What is the units digit of 9?
9
What is the units digit of 28196?
6
What is the tens digit of 10996?
9
What is the tens digit of 91211?
1
What is the units digit of 2625?
5
What is the units digit of 1260?
0
What is the hundreds digit of 13653?
6
What is the thousands digit of 1227?
1
What is the units digit of 529?
9
What is the tens digit of 10428?
2
What is the units digit of 1181?
1
What is the hundreds digit of 2519?
5
What is the ten thousands digit of 10287?
1
What is the units digit of 80387?
7
What is the tens digit of 430?
3
What is the hundreds digit of 42316?
3
What is the units digit of 7967?
7
What is the tens digit of 26514?
1
What is the units digit of 50755?
5
What is the tens digit of 27528?
2
What is the hundreds digit of 2660?
6
What is the ten thousands digit of 32550?
3
What is the thousands digit of 1568?
1
What is the hundreds digit of 1239?
2
What is the units digit of 50029?
9
What is the tens digit of 26387?
8
What is the tens digit of 1192?
9
What is the hundreds digit of 48872?
8
What is the thousands digit of 24488?
4
What is the hundreds digit of 1285?
2
What is the units digit of 602?
2
What is the tens digit of 835?
3
What is the tens digit of 125408?
0
What is the units digit of 1260?
0
What is the thousands digit of 3462?
3
Wha